{"id":22,"date":"2025-03-08T19:28:34","date_gmt":"2025-03-08T19:28:34","guid":{"rendered":"https:\/\/psycholog-logopeda.com\/?page_id=22"},"modified":"2026-02-19T11:05:30","modified_gmt":"2026-02-19T11:05:30","slug":"o-mnie","status":"publish","type":"page","link":"https:\/\/psycholog-logopeda.com\/","title":{"rendered":"O mnie"},"content":{"rendered":"\n<figure class=\"wp-block-pullquote has-white-background-color has-text-color has-background has-link-color wp-elements-6204107bab33424f53b92e84bbb078bb\" style=\"color:#00618a\"><blockquote><p>&#8222;\u015awiat, kt\u00f3ry stworzyli\u015bmy jest produktem naszych my\u015bli; nie mo\u017cna go zatem zmieni\u0107 bez zmiany naszych my\u015bli&#8221;<\/p><cite>Albert Einstein<\/cite><\/blockquote><\/figure>\n\n\n<div class=\"wp-block-image is-style-rounded\">\n<figure class=\"aligncenter size-medium\"><img loading=\"lazy\" decoding=\"async\" width=\"230\" height=\"300\" src=\"https:\/\/psycholog-logopeda.com\/wp-content\/uploads\/2025\/03\/IMG_6537-1-230x300.jpeg\" alt=\"\" class=\"wp-image-124\" srcset=\"https:\/\/psycholog-logopeda.com\/wp-content\/uploads\/2025\/03\/IMG_6537-1-230x300.jpeg 230w, https:\/\/psycholog-logopeda.com\/wp-content\/uploads\/2025\/03\/IMG_6537-1-786x1024.jpeg 786w, https:\/\/psycholog-logopeda.com\/wp-content\/uploads\/2025\/03\/IMG_6537-1-768x1001.jpeg 768w, https:\/\/psycholog-logopeda.com\/wp-content\/uploads\/2025\/03\/IMG_6537-1-1179x1536.jpeg 1179w, https:\/\/psycholog-logopeda.com\/wp-content\/uploads\/2025\/03\/IMG_6537-1-1571x2048.jpeg 1571w, https:\/\/psycholog-logopeda.com\/wp-content\/uploads\/2025\/03\/IMG_6537-1-scaled.jpeg 1964w\" sizes=\"auto, (max-width: 230px) 100vw, 230px\" \/><\/figure>\n<\/div>\n\n\n<div class=\"wp-block-group\"><div class=\"wp-block-group__inner-container is-layout-constrained wp-block-group-is-layout-constrained\">\n<div class=\"wp-block-group is-horizontal is-content-justification-center is-nowrap is-layout-flex wp-container-core-group-is-layout-c1dfda1e wp-block-group-is-layout-flex\"><\/div>\n<\/div><\/div>\n\n\n\n<div class=\"wp-block-columns is-layout-flex wp-container-core-columns-is-layout-9d6595d7 wp-block-columns-is-layout-flex\">\n<div class=\"wp-block-column is-layout-flow wp-block-column-is-layout-flow\" style=\"flex-basis:100%\">\n<p class=\"has-text-align-center has-black-color has-text-color has-link-color has-medium-font-size wp-elements-d196469d5339755adc716d4769d96161\" style=\"font-style:normal;font-weight:300\">Od 13 lat pracuj\u0119 w zawodzie psychologa. Moje do\u015bwiadczenie rozpocz\u0119\u0142o si\u0119 prac\u0105 w liceum og\u00f3lnokszta\u0142c\u0105cym. W mi\u0119dzyczasie prowadzi\u0142am terapi\u0119 psychologiczn\u0105 w niepublicznych poradniach psychologiczno &#8211; pedagogicznych, pracuj\u0105c z m\u0142odszymi dzie\u0107mi oraz liczne zaj\u0119cia warsztatowe w szko\u0142ach podstawowych. Aktualnie pracuj\u0119 jako psycholog w Poradni Psychologiczno &#8211; Pedagogicznej zajmuj\u0105c si\u0119 diagnoz\u0105 oraz wsparciem dzieci i ich rodzic\u00f3w. <\/p>\n<\/div>\n<\/div>\n\n\n\n<p class=\"has-text-align-center has-medium-font-size\" style=\"font-style:normal;font-weight:300\">Na przestrzeni lat uko\u0144czy\u0142am studia podyplomowe z doradztwa zawodowego z elementami coachingu, psychologii klinicznej oraz logopedii, kt\u00f3ra okaza\u0142a si\u0119 moj\u0105 drug\u0105 wielk\u0105 pasj\u0105. Obecnie spe\u0142niam si\u0119 dodatkowo jako przedszkolny logopeda, czerpi\u0105c du\u017c\u0105 satysfakcj\u0119 z kontaktu z maluchami. Nieustannie poszerzam sw\u00f3j warsztat pracy uczestnicz\u0105c w licznych szkoleniach z zakresu logopedii (m.in. kinesiotaping logopedyczny, masa\u017c logopedyczny).<\/p>\n\n\n\n<p class=\"has-text-align-center has-medium-font-size\" style=\"font-style:normal;font-weight:300\">Ponadto, w roku 2014 uko\u0144czy\u0142am Szkolenie Terapii Skoncentrowanej na Rozwi\u0105zaniach (I stopie\u0144), a w roku 2016 kurs zaawansowany (II stopie\u0144) &#8211; \u0142\u0105cznie 200 godzin szkoleniowych. Posiadam tak\u017ce tytu\u0142 praktyka metody &#8222;Dam Rad\u0119!&#8221; i &#8222;Jestem z Ciebie dumny!&#8221;. Jestem mediatork\u0105 szkoln\u0105, trenerk\u0105 umiej\u0119tno\u015bci spo\u0142ecznych (TUS) oraz interwentk\u0105 kryzysow\u0105. Zajmuj\u0119 si\u0119 r\u00f3wnie\u017c terapi\u0105 r\u0119ki. W kontakcie indywidualnym z dzie\u0107mi i m\u0142odzie\u017c\u0105 pracuj\u0119 metod\u0105 terapii skoncentrowanej na rozwi\u0105zaniach, korzystaj\u0105c r\u00f3wnie\u017c z narz\u0119dzi zaczerpni\u0119tych z nurtu poznawczo- behawioralnego. <\/p>\n\n\n\n<p class=\"has-text-align-center has-medium-font-size\" style=\"font-style:normal;font-weight:300\">Maj\u0105c kontakt zar\u00f3wno z m\u0142odszymi dzie\u0107mi jak i z m\u0142odzie\u017c\u0105, a tak\u017ce ich rodzicami, kieruj\u0119 si\u0119 du\u017cym wyczuciem oraz uwa\u017cno\u015bci\u0105 na emocje i potrzeby klienta. Dok\u0142adam wszelkich stara\u0144 si\u0119, \u017ceby ka\u017cdy mia\u0142 poczucie bycia wys\u0142uchanym i zrozumianym. S\u0142ucham, pytam i towarzysz\u0119 w drodze do realizacji zamierzonych cel\u00f3w.<\/p>\n\n\n\n<hr class=\"wp-block-separator has-alpha-channel-opacity\"\/>\n\n\n\n<pre class=\"wp-block-code\"><code><\/code><\/pre>\n\n\n\n<p><\/p>\n","protected":false},"excerpt":{"rendered":"<p>&#8222;\u015awiat, kt\u00f3ry stworzyli\u015bmy jest produktem naszych my\u015bli; nie mo\u017cna go zatem zmieni\u0107 bez zmiany naszych my\u015bli&#8221; Albert Einstein Od 13 lat pracuj\u0119 w zawodzie psychologa. Moje do\u015bwiadczenie rozpocz\u0119\u0142o si\u0119 prac\u0105 w liceum og\u00f3lnokszta\u0142c\u0105cym. W mi\u0119dzyczasie prowadzi\u0142am terapi\u0119 psychologiczn\u0105 w niepublicznych poradniach psychologiczno &#8211; pedagogicznych, pracuj\u0105c z m\u0142odszymi dzie\u0107mi oraz liczne zaj\u0119cia warsztatowe w szko\u0142ach podstawowych. &hellip; <\/p>\n<p class=\"link-more\"><a href=\"https:\/\/psycholog-logopeda.com\/\" class=\"more-link\">Czytaj dalej<span class=\"screen-reader-text\"> \u201eO mnie\u201d<\/span><\/a><\/p>\n","protected":false},"author":1,"featured_media":0,"parent":0,"menu_order":0,"comment_status":"closed","ping_status":"closed","template":"","meta":{"footnotes":""},"class_list":["post-22","page","type-page","status-publish","hentry"],"_links":{"self":[{"href":"https:\/\/psycholog-logopeda.com\/index.php\/wp-json\/wp\/v2\/pages\/22","targetHints":{"allow":["GET"]}}],"collection":[{"href":"https:\/\/psycholog-logopeda.com\/index.php\/wp-json\/wp\/v2\/pages"}],"about":[{"href":"https:\/\/psycholog-logopeda.com\/index.php\/wp-json\/wp\/v2\/types\/page"}],"author":[{"embeddable":true,"href":"https:\/\/psycholog-logopeda.com\/index.php\/wp-json\/wp\/v2\/users\/1"}],"replies":[{"embeddable":true,"href":"https:\/\/psycholog-logopeda.com\/index.php\/wp-json\/wp\/v2\/comments?post=22"}],"version-history":[{"count":19,"href":"https:\/\/psycholog-logopeda.com\/index.php\/wp-json\/wp\/v2\/pages\/22\/revisions"}],"predecessor-version":[{"id":268,"href":"https:\/\/psycholog-logopeda.com\/index.php\/wp-json\/wp\/v2\/pages\/22\/revisions\/268"}],"wp:attachment":[{"href":"https:\/\/psycholog-logopeda.com\/index.php\/wp-json\/wp\/v2\/media?parent=22"}],"curies":[{"name":"wp","href":"https:\/\/api.w.org\/{rel}","templated":true}]}}

<figure class="wp-block-pullquote has-white-background-color has-text-color has-background has-link-color wp-elements-6204107bab33424f53b92e84bbb078bb" style="color:#00618a"><blockquote><p>&#8222;Świat, który stworzyliśmy jest produktem naszych myśli; nie można go zatem zmienić bez zmiany naszych myśli&#8221;</p><cite>Albert Einstein</cite></blockquote></figure>


<div class="wp-block-image is-style-rounded">
<figure class="aligncenter size-medium"><img loading="lazy" decoding="async" width="230" height="300" src="https://psycholog-logopeda.com/wp-content/uploads/2025/03/IMG_6537-1-230x300.jpeg" alt="" class="wp-image-124" srcset="https://psycholog-logopeda.com/wp-content/uploads/2025/03/IMG_6537-1-230x300.jpeg 230w, https://psycholog-logopeda.com/wp-content/uploads/2025/03/IMG_6537-1-786x1024.jpeg 786w, https://psycholog-logopeda.com/wp-content/uploads/2025/03/IMG_6537-1-768x1001.jpeg 768w, https://psycholog-logopeda.com/wp-content/uploads/2025/03/IMG_6537-1-1179x1536.jpeg 1179w, https://psycholog-logopeda.com/wp-content/uploads/2025/03/IMG_6537-1-1571x2048.jpeg 1571w, https://psycholog-logopeda.com/wp-content/uploads/2025/03/IMG_6537-1-scaled.jpeg 1964w" sizes="auto, (max-width: 230px) 100vw, 230px" /></figure>
</div>


<div class="wp-block-group"><div class="wp-block-group__inner-container is-layout-constrained wp-block-group-is-layout-constrained">
<div class="wp-block-group is-horizontal is-content-justification-center is-nowrap is-layout-flex wp-container-core-group-is-layout-c1dfda1e wp-block-group-is-layout-flex"></div>
</div></div>



<div class="wp-block-columns is-layout-flex wp-container-core-columns-is-layout-9d6595d7 wp-block-columns-is-layout-flex">
<div class="wp-block-column is-layout-flow wp-block-column-is-layout-flow" style="flex-basis:100%">
<p class="has-text-align-center has-black-color has-text-color has-link-color has-medium-font-size wp-elements-d196469d5339755adc716d4769d96161" style="font-style:normal;font-weight:300">Od 13 lat pracuję w zawodzie psychologa. Moje doświadczenie rozpoczęło się pracą w liceum ogólnokształcącym. W międzyczasie prowadziłam terapię psychologiczną w niepublicznych poradniach psychologiczno &#8211; pedagogicznych, pracując z młodszymi dziećmi oraz liczne zajęcia warsztatowe w szkołach podstawowych. Aktualnie pracuję jako psycholog w Poradni Psychologiczno &#8211; Pedagogicznej zajmując się diagnozą oraz wsparciem dzieci i ich rodziców. </p>
</div>
</div>



<p class="has-text-align-center has-medium-font-size" style="font-style:normal;font-weight:300">Na przestrzeni lat ukończyłam studia podyplomowe z doradztwa zawodowego z elementami coachingu, psychologii klinicznej oraz logopedii, która okazała się moją drugą wielką pasją. Obecnie spełniam się dodatkowo jako przedszkolny logopeda, czerpiąc dużą satysfakcję z kontaktu z maluchami. Nieustannie poszerzam swój warsztat pracy uczestnicząc w licznych szkoleniach z zakresu logopedii (m.in. kinesiotaping logopedyczny, masaż logopedyczny).</p>



<p class="has-text-align-center has-medium-font-size" style="font-style:normal;font-weight:300">Ponadto, w roku 2014 ukończyłam Szkolenie Terapii Skoncentrowanej na Rozwiązaniach (I stopień), a w roku 2016 kurs zaawansowany (II stopień) &#8211; łącznie 200 godzin szkoleniowych. Posiadam także tytuł praktyka metody &#8222;Dam Radę!&#8221; i &#8222;Jestem z Ciebie dumny!&#8221;. Jestem mediatorką szkolną, trenerką umiejętności społecznych (TUS) oraz interwentką kryzysową. Zajmuję się również terapią ręki. W kontakcie indywidualnym z dziećmi i młodzieżą pracuję metodą terapii skoncentrowanej na rozwiązaniach, korzystając również z narzędzi zaczerpniętych z nurtu poznawczo- behawioralnego. </p>



<p class="has-text-align-center has-medium-font-size" style="font-style:normal;font-weight:300">Mając kontakt zarówno z młodszymi dziećmi jak i z młodzieżą, a także ich rodzicami, kieruję się dużym wyczuciem oraz uważnością na emocje i potrzeby klienta. Dokładam wszelkich starań się, żeby każdy miał poczucie bycia wysłuchanym i zrozumianym. Słucham, pytam i towarzyszę w drodze do realizacji zamierzonych celów.</p>



<hr class="wp-block-separator has-alpha-channel-opacity"/>



<pre class="wp-block-code"><code></code></pre>



<p></p>

<p>&#8222;Świat, który stworzyliśmy jest produktem naszych myśli; nie można go zatem zmienić bez zmiany naszych myśli&#8221; Albert Einstein Od 13 lat pracuję w zawodzie psychologa. Moje doświadczenie rozpoczęło się pracą w liceum ogólnokształcącym. W międzyczasie prowadziłam terapię psychologiczną w niepublicznych poradniach psychologiczno &#8211; pedagogicznych, pracując z młodszymi dziećmi oraz liczne zajęcia warsztatowe w szkołach podstawowych. &hellip; </p>
<p class="link-more"><a href="https://psycholog-logopeda.com/" class="more-link">Czytaj dalej<span class="screen-reader-text"> „O mnie”</span></a></p>
